{"id":107,"date":"2010-09-18T17:47:16","date_gmt":"2010-09-18T17:47:16","guid":{"rendered":"http:\/\/arvydasg.home.mruni.eu\/?page_id=107"},"modified":"2025-06-15T18:15:58","modified_gmt":"2025-06-15T18:15:58","slug":"cv-in-english","status":"publish","type":"page","link":"https:\/\/arvydasg.sites.mruni.eu\/?page_id=107","title":{"rendered":"CV (in English)"},"content":{"rendered":"<p><strong>Arvydas\u2019 Guogis\u2019 curriculum vitae<\/strong><\/p>\n<p><a href=\"http:\/\/arvydasg.home.mruni.eu\/wp-content\/uploads\/2007\/10\/IMG-63.jpg\"><img loading=\"lazy\" decoding=\"async\" class=\"alignnone size-medium wp-image-1043\" src=\"http:\/\/arvydasg.home.mruni.eu\/wp-content\/uploads\/2007\/10\/IMG-63-300x200.jpg\" alt=\"\" width=\"300\" height=\"200\" srcset=\"https:\/\/arvydasg.sites.mruni.eu\/wp-content\/uploads\/2007\/10\/IMG-63-300x200.jpg 300w, https:\/\/arvydasg.sites.mruni.eu\/wp-content\/uploads\/2007\/10\/IMG-63-768x513.jpg 768w, https:\/\/arvydasg.sites.mruni.eu\/wp-content\/uploads\/2007\/10\/IMG-63.jpg 800w\" sizes=\"(max-width: 300px) 100vw, 300px\" \/><\/a><\/p>\n<p>1. Name &#8211; <strong>Arvydas Guogis<\/strong>.<\/p>\n<p>2. Birth date &#8211; <strong>1961 may 18<\/strong>.<\/p>\n<p>3. Birth place &#8211; <strong>Klaip\u0117da, Lithuania<\/strong>.<\/p>\n<p>4. Living place &#8211;<strong> S. Stanevi\u010diaus 100-11, Lt-07102, Vilnius, Lithuania.<\/strong><\/p>\n<p>5. Office and position \u2013 <strong>Professor at Public Administration Institute, Faculty of Public Governance and Business, Mykolas Romeris University, Ateities 20, LT-08303, Vilnius, Lithuania.<\/strong><\/p>\n<p>6. Scientific interests \u2013 <strong>social policy, social security, welfare state, public governance, public administration.<br \/>\n<\/strong><\/p>\n<p>7. Teaching courses for bachelors \u2013 <strong>public administration research methodology, basics of scientific research methodology, theories and paradigms in public administration, welfare state models, public relations and marketing in the public sector. <\/strong>Teaching course for additional studies<strong> &#8211; basics in public administration. <\/strong>Teaching courses for masters<strong> \u2013 social institutions management, new public management and state governance reforms, welfare state\u00a0 models, strategic marketing management, sustainable organizations development management.<\/strong><\/p>\n<p>8. Education- <strong>graduated from Vilnius University, Faculty of History in 1984, Doctorand (PhD course) at the Department of History of Philosophy in 1989 \u2013 1993.<\/strong><\/p>\n<p>9. Scientific degree \u2013 <strong>Doctor of Social Sciences (Vilnius university, Political Science, 1993). Habilitation procedure (Mykolas Romeris university, Management and Administration, 2006).<\/strong><\/p>\n<p>10. Membership in organisations \u2013 <strong>Lithuanian Political Science Association (reestablished in november of 2023), Lithuanian Sociologists Society,\u00a0 International Association of Public and Non-profit Marketing (IAPNM, from 2005), CEPSA (Central European Political Science Alliance, from 2011), NIAS (Netherlands Institute for Advanced Study in the Humanities and Social Sciences) Fellows Association (NFA) member (from 2024)<\/strong><\/p>\n<p><strong>Lithuanian National UNESCO Commission, National Committee &#8220;Program of Social Transformations Governance&#8221; (MOST) member (2012-2015)<br \/>\n<\/strong><\/p>\n<p><strong>Mykolas Romeris university&#8217;s Asian Centre Board member (Divisions of Japan and China) (from 2013)<\/strong><\/p>\n<p>11. Member <strong>of editorial board at international scientific journal \u201eInternational Review on Public and Nonprofit Marketing\u201c (SCOPUS, Springer &#8211; from 2005).<\/strong><\/p>\n<p><strong>Member of editorial board of international scientific journal &#8220;Responsibility and Sustainability&#8221; (from 2013)<\/strong><\/p>\n<p><strong>Member of editorial board at Vilnius university edited scientific journal &#8220;STEPP&#8221; (from 2013)<\/strong><\/p>\n<p><strong>Member of editorial board of international scientific journal &#8220;Central European Political Science Review&#8221; (from 2017)<\/strong><\/p>\n<p><strong>Member of editorial board at Klaipeda university edited scientific journal &#8220;Tiltai&#8221; (&#8220;Bridges&#8221; &#8211; from 2018)<\/strong><\/p>\n<p><strong>12. Awards:<\/strong><\/p>\n<p><strong>2009 award by &#8220;Gair\u0117s&#8221; magazine (journey to Amsterdam) for the best publication on social justice topic<\/strong><\/p>\n<p><strong>2009 awards &#8211; of the Institute of Public Administration of the Kingdom of Saudi Arabia (Riyadh) medal and premium on 50-th Anniversary of the Institute (for two reports at Riyadh International Conference, 2009)<br \/>\n<\/strong><\/p>\n<p><strong>2013 award &#8211; Gabriel\u0117 Petkevi\u010dait\u0117-Bit\u0117 Commemorative medal (LR Seimas) &#8220;Serve Lithuania&#8221; for societally relevant publications<\/strong><\/p>\n<p><strong>2018 award for the best teacher (lecturer) at Mykolas Romeris University in 2017\/2018<\/strong><\/p>\n<p><strong>2024 &#8211; on the 6th of july awarded by the President of the Republic of Lithuania with the Medal of the Order of Gediminas, Grand Duke of Lithuania for significant scientific research in social policy, social security, welfare state, public governance and administration<br \/>\n<\/strong><br \/>\n<strong>Work experience in Lithuania:<\/strong><\/p>\n<p>1. 1984 &#8211; 1989 &#8211; Vilnius University lecturer and librarian at Manuscripts Department, Vilnius University Library;<\/p>\n<p>2.1989 &#8211; 1993 \u2013 Doctoral studies at the Department of History of Philosophy at Vilnius University;<\/p>\n<p>3.1994 &#8211; 1995 \u2013 Columnist at Lithuanian daily \u201c Diena \u201c;<\/p>\n<p>4.1995 &#8211; 1996 \u2013 Head of Information Dissemination Section at Statistical Department by Lithuanian Government;<\/p>\n<p>5.1996 &#8211; 2000 \u2013 Researcher and lecturer at Social Insurance Training and Research Centre;<\/p>\n<p>6.2000 \u2013 Expert at Social Policy Group;<\/p>\n<p>7.2000 \u2013 2001 \u2013 Acting director for research at \u201cLithuanian Organisations Support Centre\u201d;<\/p>\n<p>8. From 2001 \u2013 Associated professor at Public Administration Department, Law University of Lithuania (now \u2013 Mykolas Romeris University).<\/p>\n<p>9. From 2012 \u2013 Professor at Public Administration Department, Mykolas Romeris University of Lithuania.<\/p>\n<p>10. From 2013 &#8211; Professor at Public Administration Institute, Mykolas Romeris University of Lithuania<\/p>\n<p>11. On 10-th of november in 2014 in Mykolas Romeris university Arvydas Guogis was awarded Professor&#8217;s pedagogical degree in Social sciences.<\/p>\n<p><strong>Work experience abroad:<\/strong><\/p>\n<p><strong>Research work, journalistic work and courses in Sweden (1991-2008) :<\/strong><\/p>\n<ul>\n<li>1991 november \u2013 Department of Political Science at Stockholm University (Swedish Institute scholarship);<\/li>\n<li>1993 april \u2013 may \u2013 Department of Political Science at Stockholm University (Swedish Institute scholarship);<\/li>\n<li>1993 august &#8211; Summer School on sustainability and environment protection &#8211; at Lund University (Swedish Institute scholarship).<\/li>\n<li>1995 march \u2013 may \u2013 daily\u2018s \u201eDiena\u201c correspondent in Sweden;<\/li>\n<li>1995 march \u2013 may \u2013 Nordplan Institute (Stockholm &#8211; Gothenburg);<\/li>\n<li>2002 january &#8211; course on adult learning at Gothenburg\u2019s Folk Academy (Folkliga Akademi)<\/li>\n<li>2003 june-july \u2013 research work at Baltic\u2013East European Graduate School (BEEGS, S\u00f6dert\u00f6rn University College (now \u2013 S\u00f6dert\u00f6rn University);<\/li>\n<li>2008 february \u2013 august \u2013 research work at S\u00f6dert\u00f6rn University College (now &#8211; S\u00f6dert\u00f6rn university, Swedish Institute scholarship).<\/li>\n<\/ul>\n<p><strong>Research work in Norway and the Netherlands (1996-2004):<\/strong><\/p>\n<p>Research work at the Department of Comparative Politics, Bergen University (Norway) \u2013 1996 september;<\/p>\n<p>Research work at NIAS Institute, Wassenaar (The Netherlands) &#8211; 1996 april &#8211; may;<\/p>\n<p>Research work at Oslo University, Department of Political Science \u2013 2001 march \u2013august;<\/p>\n<p>Research work at Oslo University College \u2013 2004 june-july.<\/p>\n<p><strong>Research work in Great Britain, France, Switzerland, Greece, Hungary (2002-2015):<\/strong><\/p>\n<p>Research work at London School of Economics and Political Science \u2013 2002 august;<\/p>\n<p>Research work at Public Management Competence Centre of Berne University \u2013 2003 april-may;<\/p>\n<p>Research work at University of Thrace, Komotini and Athens University (Greece)- 2005 april \u2013 december;<\/p>\n<p>Research work at St. Gallen\u2018s university (Switzerland) \u2013 2006 june-july.<\/p>\n<p>Research work at Paris Descartes university (France) &#8211; 2011 april-june<\/p>\n<p>Research work at Paris Descartes university (France) &#8211; 2014 april-june<\/p>\n<p>Research work at Karoli Gaspar university and LIGA Tradeunions (Hungary) &#8211; 2015 july-august<\/p>\n<p>Tens of courses, seminars and conferences (including published reports) abroad and in Lithuania.<\/p>\n<p><strong>Lecturing experience abroad:<\/strong><\/p>\n<p>1. Lecture given in Swedish language at Nordplan Institute (Stockholm &#8211; 1995);<\/p>\n<p>2. Lectures given in Germany (Bavarian Public Administration High School, Hof &#8211; 2004, 2007, 2012 Erasmus programme);<\/p>\n<p>3. Lectures given in Greece (University of Thrace, Komotini &#8211; 2005);<\/p>\n<p>4. Lectures given in Spain (University of Leon &#8211; 2009, 2010, 2011, 2018, 2023 (twice), Erasmus programme);<\/p>\n<p>5. Lectures given in Spain (Sevilla University \u2013 2010, 2012 Erasmus programme);<\/p>\n<p>6. Lectures given in the Netherlands (Leeuwarden High School &#8211; 2009, Erasmus programme).<\/p>\n<p>7. Lectures given in the Netherlands (Nijmegen University, 2015, Erasmus programme) on &#8220;Welfare typology and Lithuania&#8221;<\/p>\n<p>8. Public lecture &#8220;On the Differences between Norwegian and Lithuanian Models of Social Welfare Provision (social security and health care aspects) given at Oslo and Akershus High School (Norway), 2016.02.24.<\/p>\n<p>9. Lectures given at University of Latvia (Riga), 2022, 2024 (two separate weeks).<\/p>\n<p>10. Lectures given at Leon university (Spain), 2023 (two separate weeks).<\/p>\n<p>11. Invited lectures on Lithuanian social policy given to Masters and <span class=\"ng-star-inserted\"><span class=\"text-value\">Doctoral students from Academy of Public Administration under the President of the Republic of Kazakhstan (2023-2025)<\/span><\/span><\/p>\n<p>12. Public invited lecture, organized by\u00a0 &#8220;Mastering Up&#8221; in Calcutta, India &#8211; &#8220;Welfare typology and public administration models&#8221; (2025, 6-th of may).<\/p>\n<p><strong>Research projects in Lithuania (including international):<\/strong><\/p>\n<p>1. Participant of EU PHARE ACE project (1997-1998);<\/p>\n<p>2. Leader and participant of EU PHARE \u201cDemocracy\u201d project (2000);<\/p>\n<p>3. Leader (of Lithuanian researchers group) and participant of international EU COST A 15 programme \u201eReforming social security systems in Europe\u201c project on globalization and social security (2002 \u2013 2004);<\/p>\n<p>4. Participant of (Lithuanian State Science and Studies Foundation supported) project \u201eSocial and political efficiency in Lithuanian municipalities\u201c (2002, 2004);<\/p>\n<p>5. Participant of (Open Lithuanian Foundation supported) project \u201e Improvement of social services rendering at Lithuanian municipalities\u201c (2004);<\/p>\n<p>6. Leader of Lithuanian State Science and Studies Foundation supported project \u201eSocial Policy Modelling Problems in the Process of European Integration\u201c (2005);<\/p>\n<p>7. Participant of NOBA project (2006-2009);<\/p>\n<p>8. Leader of Lithuanian State Science and Studies Foundation supported project \u201eInteraction of Lithuanian municipalities and NGO\u2018s: the cases of Vilnius and Ukmerg\u0117 district\u201c (2007).<\/p>\n<p>9. Project participant of the project financed by Research Council of Lithuania and organized by Lithuanian Social Research Centre &#8220;The Transformations of the Welfare State in Lithuania: the Origin, Specific Features and Main Causal Forces behind its Development&#8221; (2010-2011)<\/p>\n<p>10. Proposals to European Parliament\u00a0 for regulations on social security and self-employed social guarantees in EU:\u00a0 researcher (2013)<\/p>\n<p>11. Participant at EU Commission supported project &#8220;An attempt to revitalize social dialogue and national industrial relations systems in some of the CEEC&#8217;s &#8211; lesson learnt and best practises in the way out of the crisis (VS\/2014\/0588) &#8211; expert for Lithuania (2015-2016)<\/p>\n<p>12. <span style=\"line-height: 1.45; background-color: transparent;\">Lithuanian Research Council&#8217;s supported project P-COV-20-29 \u2018Social policy response to the consequences of Covid-2019 crisis: the unemployment and poverty analysis, international experience and recommendations for Lithuania\u2019(VU, 2020.06. 01. &#8211; 2020.12.31): senior researcher.<\/span><\/p>\n<p>13. Senior researcher at Lithuanian Research Council supported \u201eOn-Demand&#8221; project P-REP-21-10 \u201eCauses, extent, and identification methodology of social support benefits non-take-up in municipalities of Lithuania, and nationwide\u201c (lead by assoc.prof. Vida \u010cesnuityt\u0117, 2021.03.01.- 2022.02.28)<\/p>\n<p>(OTHER ACTIVITIES:<\/p>\n<ol>\n<li><strong>More than 100 scientific publications in 1991-2025 in the USA, Canada, Finland, Denmark, Norway, Germany, Spain,\u00a0 Greece, Ser\u00adbia, Bosnia and Herzegowina, Croatia, Montenegro, Hungary, Romania, Estonia, Latvia, Ukraine, Kazakhstan, Indonesia, Lithuania.<\/strong><\/li>\n<li><strong>More than 200 positions in mass media in 2013-2025 (27 articles and interviews in Lithuanian mass media in 2013, 24 articles and interviews in 2014, 9 articles and interviews in 2015, 12 articles and interviews in 2016, 10 articles and interviews in 2017, 5 articles and interview in 2018, 14 articles and interviews in 2019, 34 interviews and articles in 2020, 1 interview, 11 articles together with A.V. Rak\u0161nys, D. Bernotas, I .Grincevi\u010di\u016bt\u0117 in 2021), 3 articles (alone, together with V. Dapkos, together with A.V. Rak\u0161nys, V. Smalskys in 2022), 4 interviews (2- to TV8 and 2- to &#8220;Savait\u0117&#8221; (&#8220;Week&#8221;) and 7 articles in Delfi and other news portals of Lithuania in 2023, 6 articles and 4 interviews in 2024, 2 interviews and 3 articles in 2025.<\/strong><\/li>\n<li><strong>More than 30 reports (papers) in the international and national scientific conferences in Budva (Montenegro), Paris (France), Nantes (France), Wies (Germany), Oslo (Norway), Bergen (Norway), Florence (Italy), Brussels (Belgium), Riyadh (Saudi Arabia), Stockholm (Sweden), V\u00e4xj\u00f6 (Sweden), <\/strong><strong>Geneva (Switzerland), Vienna (Austria), Edinburgh (United Kingdom), Budapest (Hungary), Sofia (Bulgaria), Izmir (Turkey), Tokat (Turkey), Kharkiv (Ukraine), Alma Ata (Kazakhstan), Riga (Latvia), Vilnius and Kaunas (Lithuania) in 1995-2025.<\/strong><\/li>\n<\/ol>\n<p>ORCID &#8211; https:\/\/orcid.org\/0000-0001-8371-3556<\/p>\n<p><strong>Languages<\/strong> \u2013 Lithuanian (native), English (excellent), Russian (excellent), Swedish (fair).<\/p>\n<p><strong>Married<\/strong> with Virgilija Guogiene from 1983. Virgilija is a restorer at Vilnius University Library.<\/p>\n<p><strong>Son<\/strong> \u2013 Rygaudas Guogis (born in 1986). Businessman, Non-governmental education organizer.<\/p>\n<p><strong>Personal telephones: <\/strong>370 5 2034534, mob. 370 687 51677<\/p>\n<p><strong>E-mail<\/strong>: \u00a0 \u00a0 \u00a0\u00a0 arvydasg@mruni.eu<\/p>\n","protected":false},"excerpt":{"rendered":"<p>Arvydas\u2019 Guogis\u2019 curriculum vitae 1. Name &#8211; Arvydas Guogis. 2. Birth date &#8211; 1961 may 18. 3. Birth place &#8211; Klaip\u0117da, Lithuania. 4. Living place &#8211; S. Stanevi\u010diaus 100-11, Lt-07102, Vilnius, Lithuania. 5. Office and position \u2013 Professor at Public Administration Institute, Faculty of Public Governance and Business, Mykolas Romeris University, Ateities 20, LT-08303, Vilnius, [&hellip;]<\/p>\n","protected":false},"author":12,"featured_media":0,"parent":0,"menu_order":0,"comment_status":"closed","ping_status":"closed","template":"","meta":{"saved_in_kubio":false,"footnotes":""},"class_list":["post-107","page","type-page","status-publish","hentry"],"kubio_ai_page_context":{"short_desc":"","purpose":"general"},"_links":{"self":[{"href":"https:\/\/arvydasg.sites.mruni.eu\/index.php?rest_route=\/wp\/v2\/pages\/107","targetHints":{"allow":["GET"]}}],"collection":[{"href":"https:\/\/arvydasg.sites.mruni.eu\/index.php?rest_route=\/wp\/v2\/pages"}],"about":[{"href":"https:\/\/arvydasg.sites.mruni.eu\/index.php?rest_route=\/wp\/v2\/types\/page"}],"author":[{"embeddable":true,"href":"https:\/\/arvydasg.sites.mruni.eu\/index.php?rest_route=\/wp\/v2\/users\/12"}],"replies":[{"embeddable":true,"href":"https:\/\/arvydasg.sites.mruni.eu\/index.php?rest_route=%2Fwp%2Fv2%2Fcomments&post=107"}],"version-history":[{"count":231,"href":"https:\/\/arvydasg.sites.mruni.eu\/index.php?rest_route=\/wp\/v2\/pages\/107\/revisions"}],"predecessor-version":[{"id":1933,"href":"https:\/\/arvydasg.sites.mruni.eu\/index.php?rest_route=\/wp\/v2\/pages\/107\/revisions\/1933"}],"wp:attachment":[{"href":"https:\/\/arvydasg.sites.mruni.eu\/index.php?rest_route=%2Fwp%2Fv2%2Fmedia&parent=107"}],"curies":[{"name":"wp","href":"https:\/\/api.w.org\/{rel}","templated":true}]}}